{"id":1088,"date":"2025-02-15T21:17:40","date_gmt":"2025-02-15T20:17:40","guid":{"rendered":"https:\/\/talentsdailleurs.net\/?page_id=1088"},"modified":"2025-02-16T14:51:27","modified_gmt":"2025-02-16T13:51:27","slug":"musique-mawndoe","status":"publish","type":"page","link":"http:\/\/talentsdailleurs.net\/?page_id=1088","title":{"rendered":"Musique Mawndo\u00e9"},"content":{"rendered":"\n<figure class=\"wp-block-embed is-type-rich is-provider-spotify wp-block-embed-spotify wp-embed-aspect-21-9 wp-has-aspect-ratio\"><div class=\"wp-block-embed__wrapper\">\n<iframe title=\"Spotify Embed: Mawndoe\" style=\"border-radius: 12px\" width=\"100%\" height=\"352\" frameborder=\"0\" allowfullscreen allow=\"autoplay; clipboard-write; encrypted-media; fullscreen; picture-in-picture\" loading=\"lazy\" src=\"https:\/\/open.spotify.com\/embed\/artist\/1JDTBLuP7vtzyS66GeyBgp?utm_source=oembed\"><\/iframe>\n<\/div><\/figure>\n\n\n<div class=\"wp-block-image\">\n<figure class=\"aligncenter size-full is-resized\"><img decoding=\"async\" loading=\"lazy\" src=\"http:\/\/talentsdailleurs.net\/wp-content\/uploads\/2025\/02\/image-nemay.jpg\" alt=\"\" class=\"wp-image-1156\" width=\"124\" height=\"124\" srcset=\"http:\/\/talentsdailleurs.net\/wp-content\/uploads\/2025\/02\/image-nemay.jpg 720w, http:\/\/talentsdailleurs.net\/wp-content\/uploads\/2025\/02\/image-nemay-300x300.jpg 300w, http:\/\/talentsdailleurs.net\/wp-content\/uploads\/2025\/02\/image-nemay-150x150.jpg 150w\" sizes=\"(max-width: 124px) 100vw, 124px\" \/><\/figure><\/div>\n\n\n<p class=\"has-text-align-center\">NEMAY : 14 titres 2017 <\/p>\n\n\n\n<figure class=\"wp-block-audio\"><audio controls src=\"http:\/\/talentsdailleurs.net\/wp-content\/uploads\/2025\/02\/01-Mon-plus-beau-cadeau-Nemay-.mp3\"><\/audio><figcaption class=\"wp-element-caption\"><strong>Mon-plus-beau-cadeau<\/strong> &#8211; Mawndo\u00e9 &#8211; Nemay<\/figcaption><\/figure>\n\n\n\n<figure class=\"wp-block-audio\"><audio controls src=\"http:\/\/talentsdailleurs.net\/wp-content\/uploads\/2025\/02\/02-Nemaylem-Nemay.mp3\"><\/audio><figcaption class=\"wp-element-caption\"><strong>Nemaylem<\/strong> -Mawndo\u00e9 -Nemay <\/figcaption><\/figure>\n\n\n\n<figure class=\"wp-block-audio\"><audio controls src=\"http:\/\/talentsdailleurs.net\/wp-content\/uploads\/2025\/02\/03-Baleum-feat-Yabongo-Lova-Nemay-.mp3\"><\/audio><figcaption class=\"wp-element-caption\">Baleum-feat-Yabongo-Lova-Nemay &#8211; Mawndo\u00e9 &#8211; Nemay<\/figcaption><\/figure>\n\n\n\n<figure class=\"wp-block-audio\"><audio controls src=\"http:\/\/talentsdailleurs.net\/wp-content\/uploads\/2025\/02\/05-Lhomme.mp3\"><\/audio><figcaption class=\"wp-element-caption\"><strong>L&rsquo;homme<\/strong> &#8211; Mawndo\u00e9 &#8211; Nemay <\/figcaption><\/figure>\n\n\n\n<figure class=\"wp-block-audio\"><audio controls src=\"http:\/\/talentsdailleurs.net\/wp-content\/uploads\/2025\/02\/04-Elle-a-ca.mp3\"><\/audio><figcaption class=\"wp-element-caption\"><strong>Elle a \u00e7a<\/strong> &#8211; Mawndo\u00e9 -Nemay<\/figcaption><\/figure>\n\n\n\n<figure class=\"wp-block-audio\"><audio controls src=\"http:\/\/talentsdailleurs.net\/wp-content\/uploads\/2025\/02\/06-Viens-Briller.mp3\"><\/audio><figcaption class=\"wp-element-caption\"><strong>Viens briller<\/strong> &#8211; Mawndo\u00e9 &#8211; Nemay<\/figcaption><\/figure>\n\n\n\n<figure class=\"wp-block-audio\"><audio controls src=\"http:\/\/talentsdailleurs.net\/wp-content\/uploads\/2025\/02\/08-Tu-ma-manque.mp3\"><\/audio><figcaption class=\"wp-element-caption\"><strong>Tu m&rsquo;as manqu\u00e9 <\/strong>&#8211; Mawndo\u00e9 &#8211; Nemay<\/figcaption><\/figure>\n\n\n\n<figure class=\"wp-block-audio\"><audio controls src=\"http:\/\/talentsdailleurs.net\/wp-content\/uploads\/2025\/02\/07-Je-me-comprends-pas.mp3\"><\/audio><figcaption class=\"wp-element-caption\"><strong>Je-me-comprends-pas<\/strong><em> &#8211; Mawndo\u00e9 -Nemay<\/em><\/figcaption><\/figure>\n\n\n\n<figure class=\"wp-block-audio\"><audio controls src=\"http:\/\/talentsdailleurs.net\/wp-content\/uploads\/2025\/02\/09-Caler-barrer-feat-Xmaleya.mp3\"><\/audio><figcaption class=\"wp-element-caption\">C<strong>aler-barrer-feat-Xmaleya<\/strong> &#8212; Mawndo\u00e9- Nemay<\/figcaption><\/figure>\n\n\n\n<figure class=\"wp-block-audio\"><audio controls src=\"http:\/\/talentsdailleurs.net\/wp-content\/uploads\/2025\/02\/10-La-tele.mp3\"><\/audio><figcaption class=\"wp-element-caption\"><strong>La T\u00e9l\u00e9 <\/strong> -Mawndo\u00e9- Nemay<\/figcaption><\/figure>\n\n\n\n<figure class=\"wp-block-audio\"><audio controls src=\"http:\/\/talentsdailleurs.net\/wp-content\/uploads\/2025\/02\/12-Nelede-feat-Degospa-et-Mawata.mp3\"><\/audio><figcaption class=\"wp-element-caption\"><strong>Nelede-feat-Degospa-et-Mawat<\/strong>a &#8211; Mawndo\u00e9 &#8211; Nemay<\/figcaption><\/figure>\n\n\n\n<figure class=\"wp-block-audio\"><audio controls src=\"http:\/\/talentsdailleurs.net\/wp-content\/uploads\/2025\/02\/11-Jaime-ce-pays.mp3\"><\/audio><figcaption class=\"wp-element-caption\"><strong>J&rsquo;aime ce pays<\/strong> -Mawndo\u00e9 &#8211; Nemay <\/figcaption><\/figure>\n\n\n\n<figure class=\"wp-block-audio\"><audio controls src=\"http:\/\/talentsdailleurs.net\/wp-content\/uploads\/2025\/02\/13-Simplement.mp3\"><\/audio><figcaption class=\"wp-element-caption\"><strong>Simplement<\/strong> &#8211; Manwdo\u00e9 &#8211; Nema<\/figcaption><\/figure>\n\n\n\n<figure class=\"wp-block-audio\"><audio controls src=\"http:\/\/talentsdailleurs.net\/wp-content\/uploads\/2025\/02\/14-Recommence-feat-Floby.mp3\"><\/audio><figcaption class=\"wp-element-caption\"><strong>Recommences feat Floby<\/strong> &#8211; Mawndo\u00e9 &#8211; Nemay<\/figcaption><\/figure>\n\n\n<div class=\"wp-block-image\">\n<figure class=\"aligncenter size-large is-resized\"><a href=\"http:\/\/talentsdailleurs.net\/wp-content\/uploads\/2025\/02\/JAcquette-simple-Ki-Dan-C.jpg\"><img decoding=\"async\" loading=\"lazy\" src=\"http:\/\/talentsdailleurs.net\/wp-content\/uploads\/2025\/02\/JAcquette-simple-Ki-Dan-C-994x1024.jpg\" alt=\"\" class=\"wp-image-1141\" width=\"105\" height=\"108\" srcset=\"http:\/\/talentsdailleurs.net\/wp-content\/uploads\/2025\/02\/JAcquette-simple-Ki-Dan-C-994x1024.jpg 994w, http:\/\/talentsdailleurs.net\/wp-content\/uploads\/2025\/02\/JAcquette-simple-Ki-Dan-C-291x300.jpg 291w, http:\/\/talentsdailleurs.net\/wp-content\/uploads\/2025\/02\/JAcquette-simple-Ki-Dan-C-768x791.jpg 768w, http:\/\/talentsdailleurs.net\/wp-content\/uploads\/2025\/02\/JAcquette-simple-Ki-Dan-C-1491x1536.jpg 1491w, http:\/\/talentsdailleurs.net\/wp-content\/uploads\/2025\/02\/JAcquette-simple-Ki-Dan-C.jpg 1547w\" sizes=\"(max-width: 105px) 100vw, 105px\" \/><\/a><\/figure><\/div>\n\n\n<p class=\"has-text-align-center\">KI DAN C &#8211; 2014 : 12 titres<\/p>\n\n\n\n<figure class=\"wp-block-audio\"><audio controls src=\"http:\/\/talentsdailleurs.net\/wp-content\/uploads\/2025\/02\/1-Wanare.mp3\"><\/audio><figcaption class=\"wp-element-caption\">Wanar\u00e9 &#8211; Mawndo\u00e9- Ki Dan C<\/figcaption><\/figure>\n\n\n\n<figure class=\"wp-block-audio\"><audio controls src=\"http:\/\/talentsdailleurs.net\/wp-content\/uploads\/2025\/02\/2-Ky-Dan-C-feat-Dai-Son.mp3\"><\/audio><figcaption class=\"wp-element-caption\">Ky Dan C feat Da\u00ef Son &#8211; Mawndo\u00e9 &#8211; Ki Dan C<\/figcaption><\/figure>\n\n\n\n<figure class=\"wp-block-audio\"><audio controls src=\"http:\/\/talentsdailleurs.net\/wp-content\/uploads\/2025\/02\/3-Djer-Djere-feat-Dar-Sila.mp3\"><\/audio><figcaption class=\"wp-element-caption\">Djer Dj\u00e9r\u00e9 feat Dar Sila &#8211; Mawndo\u00e9 -Ki Dan C<\/figcaption><\/figure>\n\n\n\n<figure class=\"wp-block-audio\"><audio controls src=\"http:\/\/talentsdailleurs.net\/wp-content\/uploads\/2025\/02\/6-Djo-bo-feat-Djemila.mp3\"><\/audio><figcaption class=\"wp-element-caption\">Djo bo feat Djemila- Mawndo\u00e9 -Ki Dan C<\/figcaption><\/figure>\n\n\n\n<figure class=\"wp-block-audio\"><audio controls src=\"http:\/\/talentsdailleurs.net\/wp-content\/uploads\/2025\/02\/5-Kole.mp3\"><\/audio><figcaption class=\"wp-element-caption\">Kole- Mawndo\u00e9- Ki Dan C<\/figcaption><\/figure>\n\n\n\n<figure class=\"wp-block-audio\"><audio controls src=\"http:\/\/talentsdailleurs.net\/wp-content\/uploads\/2025\/02\/7-Neba-Ra-feat-Ngass-David.mp3\"><\/audio><figcaption class=\"wp-element-caption\"><strong>Neba Ra feat Ngass David<\/strong> &#8211; Mawndo\u00e9 &#8211; Ki Dan C<\/figcaption><\/figure>\n\n\n\n<figure class=\"wp-block-audio aligncenter\"><audio controls src=\"http:\/\/talentsdailleurs.net\/wp-content\/uploads\/2025\/02\/8-Bunda-Hip-Hop-feat-Rais-S-Kim.mp3\"><\/audio><figcaption class=\"wp-element-caption\"><strong>Bunda Hip Hop feat Ra\u00efs S Kim<\/strong> &#8211; Mawndo\u00e9- Ki Dan C<\/figcaption><\/figure>\n\n\n\n<figure class=\"wp-block-audio\"><audio controls src=\"http:\/\/talentsdailleurs.net\/wp-content\/uploads\/2025\/02\/9-Banana.mp3\"><\/audio><figcaption class=\"wp-element-caption\"><strong>Banana<\/strong> &#8211; Mawndo\u00e9 &#8211; Ki Dan C<\/figcaption><\/figure>\n\n\n\n<figure class=\"wp-block-audio\"><audio controls src=\"http:\/\/aunomdelart.net\/wp-content\/uploads\/2025\/02\/10-Mboro.mp3\"><\/audio><figcaption class=\"wp-element-caption\"><strong>M&rsquo;Boro<\/strong> &#8211; Mawndo\u00e9 &#8211; Ki Dan C<\/figcaption><\/figure>\n\n\n\n<figure class=\"wp-block-audio\"><audio controls src=\"http:\/\/talentsdailleurs.net\/wp-content\/uploads\/2025\/02\/11-La-tele.mp3\"><\/audio><figcaption class=\"wp-element-caption\"><strong>La T\u00e9l\u00e9 &#8211; Mawndo\u00e9<\/strong> &#8211; Ki Dan C<\/figcaption><\/figure>\n\n\n\n<figure class=\"wp-block-audio\"><audio controls src=\"http:\/\/talentsdailleurs.net\/wp-content\/uploads\/2025\/02\/12-NGoun-feat-Prince-Dee.mp3\"><\/audio><figcaption class=\"wp-element-caption\"><strong>N&rsquo;Goun feat Prince Dee <\/strong>&#8211; Mawndo\u00e9 &#8211; Ki Dan C<\/figcaption><\/figure>\n\n\n<div class=\"wp-block-image\">\n<figure class=\"aligncenter size-full is-resized\"><img decoding=\"async\" loading=\"lazy\" src=\"http:\/\/talentsdailleurs.net\/wp-content\/uploads\/2025\/02\/Doum-Pah-jaquette.jpg\" alt=\"\" class=\"wp-image-1128\" width=\"121\" height=\"120\" srcset=\"http:\/\/talentsdailleurs.net\/wp-content\/uploads\/2025\/02\/Doum-Pah-jaquette.jpg 795w, http:\/\/talentsdailleurs.net\/wp-content\/uploads\/2025\/02\/Doum-Pah-jaquette-300x300.jpg 300w, http:\/\/talentsdailleurs.net\/wp-content\/uploads\/2025\/02\/Doum-Pah-jaquette-150x150.jpg 150w, http:\/\/talentsdailleurs.net\/wp-content\/uploads\/2025\/02\/Doum-Pah-jaquette-768x765.jpg 768w\" sizes=\"(max-width: 121px) 100vw, 121px\" \/><\/figure><\/div>\n\n\n<p class=\"has-text-align-center\"><strong>Doum Pah &#8211; <\/strong>2013 &#8211; 9 titres <\/p>\n\n\n\n<figure class=\"wp-block-audio\"><audio controls src=\"http:\/\/talentsdailleurs.net\/wp-content\/uploads\/2025\/02\/01-Yal-Bouta-Feat-HSAO.mp3\"><\/audio><figcaption class=\"wp-element-caption\">Yal-Bouta-Feat-HSAO &#8211; Mawndo\u00e9 &#8211; Doum Pah <\/figcaption><\/figure>\n\n\n\n<figure class=\"wp-block-audio\"><audio controls src=\"http:\/\/talentsdailleurs.net\/wp-content\/uploads\/2025\/02\/02-Doum-Pah.mp3\"><\/audio><figcaption class=\"wp-element-caption\">Doum -Pah &#8211; Mawndo\u00e9 &#8211; Doum pah<\/figcaption><\/figure>\n\n\n\n<figure class=\"wp-block-audio\"><audio controls src=\"http:\/\/talentsdailleurs.net\/wp-content\/uploads\/2025\/02\/03-Intaar.mp3\"><\/audio><figcaption class=\"wp-element-caption\">Intarr &#8211; Mawndo\u00e9- Doum Pah <\/figcaption><\/figure>\n\n\n\n<figure class=\"wp-block-audio\"><audio controls src=\"http:\/\/talentsdailleurs.net\/wp-content\/uploads\/2025\/02\/04-Mara-Zene.mp3\"><\/audio><figcaption class=\"wp-element-caption\">Mara  Zene &#8211; Mawndo\u00e9- Doum Pah<\/figcaption><\/figure>\n\n\n\n<figure class=\"wp-block-audio\"><audio controls src=\"http:\/\/talentsdailleurs.net\/wp-content\/uploads\/2025\/02\/05-Gueto-lover.mp3\"><\/audio><figcaption class=\"wp-element-caption\">Gueto Lover -Mawndo\u00e9 &#8211; Dou Pah<\/figcaption><\/figure>\n\n\n\n<figure class=\"wp-block-audio\"><audio controls src=\"http:\/\/talentsdailleurs.net\/wp-content\/uploads\/2025\/02\/07-Mon-Pays.mp3\"><\/audio><figcaption class=\"wp-element-caption\">Mon Pays &#8211; Mawndo\u00e9 &#8211; Doum Pah<\/figcaption><\/figure>\n\n\n\n<figure class=\"wp-block-audio\"><audio controls src=\"http:\/\/talentsdailleurs.net\/wp-content\/uploads\/2025\/02\/08-princesse-Yenega.mp3\"><\/audio><figcaption class=\"wp-element-caption\">Princesse Yenega &#8211; Manwdo\u00e9 &#8211; Doum Pah<\/figcaption><\/figure>\n\n\n\n<figure class=\"wp-block-audio\"><audio controls src=\"http:\/\/talentsdailleurs.net\/wp-content\/uploads\/2025\/02\/09-Touin-Touin-Feat-Izral.mp3\"><\/audio><figcaption class=\"wp-element-caption\">Touin Touin Feat Izrael &#8211; Mawndo\u00e9- Dou Pah<\/figcaption><\/figure>\n\n\n\n<figure class=\"wp-block-audio\"><audio controls src=\"http:\/\/talentsdailleurs.net\/wp-content\/uploads\/2025\/02\/10-Jassume-tout.mp3\"><\/audio><figcaption class=\"wp-element-caption\">J&rsquo;assume tout- Mawndo\u00e9 -Doum Pah<\/figcaption><\/figure>\n\n\n<div class=\"wp-block-image\">\n<figure class=\"aligncenter size-full is-resized\"><a href=\"http:\/\/talentsdailleurs.net\/wp-content\/uploads\/2025\/02\/DAARI-294x300-V2.jpg\"><img decoding=\"async\" loading=\"lazy\" src=\"http:\/\/talentsdailleurs.net\/wp-content\/uploads\/2025\/02\/DAARI-294x300-V2.jpg\" alt=\"\" class=\"wp-image-1117\" width=\"111\" height=\"111\" srcset=\"http:\/\/talentsdailleurs.net\/wp-content\/uploads\/2025\/02\/DAARI-294x300-V2.jpg 360w, http:\/\/talentsdailleurs.net\/wp-content\/uploads\/2025\/02\/DAARI-294x300-V2-300x300.jpg 300w, http:\/\/talentsdailleurs.net\/wp-content\/uploads\/2025\/02\/DAARI-294x300-V2-150x150.jpg 150w\" sizes=\"(max-width: 111px) 100vw, 111px\" \/><\/a><\/figure><\/div>\n\n\n<p class=\"has-text-align-center\"><strong>DAARI &#8211; <\/strong>2011 &#8211; 15 titres<\/p>\n\n\n\n<div class=\"wp-block-columns is-layout-flex wp-container-2\">\n<div class=\"wp-block-column is-layout-flow\" style=\"flex-basis:100%\">\n<figure class=\"wp-block-audio\"><audio controls src=\"http:\/\/talentsdailleurs.net\/wp-content\/uploads\/2025\/02\/01-Tot-ou-Tard.mp3\"><\/audio><figcaption class=\"wp-element-caption\">T\u00f4t ou Tard &#8211; Mawndo\u00e9 &#8211; Daari <\/figcaption><\/figure>\n\n\n\n<figure class=\"wp-block-audio\"><audio controls src=\"http:\/\/talentsdailleurs.net\/wp-content\/uploads\/2025\/02\/02-Al-Farahan.mp3\"><\/audio><figcaption class=\"wp-element-caption\">Al Farahan &#8211; Mawndo\u00e9 &#8211; Daari<\/figcaption><\/figure>\n\n\n\n<figure class=\"wp-block-audio\"><audio controls src=\"http:\/\/talentsdailleurs.net\/wp-content\/uploads\/2025\/02\/04-Ar-mey-nda.mp3\"><\/audio><figcaption class=\"wp-element-caption\">Ar Mey nda- Mawndo\u00e9 &#8211; Daari<\/figcaption><\/figure>\n\n\n\n<figure class=\"wp-block-audio\"><audio controls src=\"http:\/\/talentsdailleurs.net\/wp-content\/uploads\/2025\/02\/03-Im-a-lion.mp3\"><\/audio><figcaption class=\"wp-element-caption\">I&rsquo;m a lion &#8211; Mawndo\u00e9 &#8211; Daari<\/figcaption><\/figure>\n\n\n\n<figure class=\"wp-block-audio\"><audio controls src=\"http:\/\/talentsdailleurs.net\/wp-content\/uploads\/2025\/02\/05-Que-des-hommes.mp3\"><\/audio><figcaption class=\"wp-element-caption\">Que des hommes &#8211; Mawndo\u00e9 -Daari<\/figcaption><\/figure>\n\n\n\n<figure class=\"wp-block-audio\"><audio controls src=\"http:\/\/talentsdailleurs.net\/wp-content\/uploads\/2025\/02\/06-Lamour-est-la.mp3\"><\/audio><figcaption class=\"wp-element-caption\">L&rsquo;amour est &#8211; Mawndo\u00e9- Daari<\/figcaption><\/figure>\n\n\n\n<figure class=\"wp-block-audio\"><audio controls src=\"http:\/\/talentsdailleurs.net\/wp-content\/uploads\/2025\/02\/07-Ne-toua.mp3\"><\/audio><figcaption class=\"wp-element-caption\">Ne Toua &#8211; Mawndo\u00e9-Daari<\/figcaption><\/figure>\n\n\n\n<figure class=\"wp-block-audio\"><audio controls src=\"http:\/\/talentsdailleurs.net\/wp-content\/uploads\/2025\/02\/09-On-survivra.mp3\"><\/audio><figcaption class=\"wp-element-caption\">On survivra &#8211; Mawndo\u00e9- Daari<\/figcaption><\/figure>\n\n\n\n<figure class=\"wp-block-audio\"><audio controls src=\"http:\/\/talentsdailleurs.net\/wp-content\/uploads\/2025\/02\/10-Ngoun.mp3\"><\/audio><figcaption class=\"wp-element-caption\">N&rsquo;Goun &#8211; Mawndo\u00e9 &#8211; Daari<\/figcaption><\/figure>\n\n\n\n<figure class=\"wp-block-audio\"><audio controls src=\"http:\/\/talentsdailleurs.net\/wp-content\/uploads\/2025\/02\/11-Les-independances.mp3\"><\/audio><figcaption class=\"wp-element-caption\">Les ind\u00e9pendances- Mawndo\u00e9-Daari<\/figcaption><\/figure>\n\n\n\n<figure class=\"wp-block-audio\"><audio controls src=\"http:\/\/talentsdailleurs.net\/wp-content\/uploads\/2025\/02\/13-Requiem-pour-mon-lac.mp3\"><\/audio><figcaption class=\"wp-element-caption\">Requiem pour mon lac &#8211; Mawndo\u00e9<\/figcaption><\/figure>\n\n\n\n<figure class=\"wp-block-audio\"><audio controls src=\"http:\/\/talentsdailleurs.net\/wp-content\/uploads\/2025\/02\/14-Daari.mp3\"><\/audio><figcaption class=\"wp-element-caption\">Daari- Mawndo\u00e9-Daari<\/figcaption><\/figure>\n\n\n\n<figure class=\"wp-block-audio\"><audio controls src=\"http:\/\/talentsdailleurs.net\/wp-content\/uploads\/2025\/02\/15-A-tous-mes-amis.mp3\"><\/audio><figcaption class=\"wp-element-caption\">A tous mes amis &#8211; Mawndo\u00e9 &#8211; Daari<\/figcaption><\/figure>\n<\/div>\n<\/div>\n\n\n\n<div class=\"wp-block-buttons is-layout-flex\">\n<div class=\"wp-block-button\"><a class=\"wp-block-button__link wp-element-button\" href=\"https:\/\/talentsdailleurs.net\/?page_id=1088\">REtour<\/a><\/div>\n<\/div>\n\n\n\n<p><\/p>\n","protected":false},"excerpt":{"rendered":"<p>NEMAY : 14 titres 2017 KI DAN C &#8211; 2014 : 12 titres Doum Pah &#8211; 2013 &#8211; 9 titres DAARI &#8211; 2011 &#8211; 15 titres<\/p>\n","protected":false},"author":1,"featured_media":0,"parent":0,"menu_order":0,"comment_status":"closed","ping_status":"closed","template":"","meta":[],"_links":{"self":[{"href":"http:\/\/talentsdailleurs.net\/index.php?rest_route=\/wp\/v2\/pages\/1088"}],"collection":[{"href":"http:\/\/talentsdailleurs.net\/index.php?rest_route=\/wp\/v2\/pages"}],"about":[{"href":"http:\/\/talentsdailleurs.net\/index.php?rest_route=\/wp\/v2\/types\/page"}],"author":[{"embeddable":true,"href":"http:\/\/talentsdailleurs.net\/index.php?rest_route=\/wp\/v2\/users\/1"}],"replies":[{"embeddable":true,"href":"http:\/\/talentsdailleurs.net\/index.php?rest_route=%2Fwp%2Fv2%2Fcomments&post=1088"}],"version-history":[{"count":4,"href":"http:\/\/talentsdailleurs.net\/index.php?rest_route=\/wp\/v2\/pages\/1088\/revisions"}],"predecessor-version":[{"id":1162,"href":"http:\/\/talentsdailleurs.net\/index.php?rest_route=\/wp\/v2\/pages\/1088\/revisions\/1162"}],"wp:attachment":[{"href":"http:\/\/talentsdailleurs.net\/index.php?rest_route=%2Fwp%2Fv2%2Fmedia&parent=1088"}],"curies":[{"name":"wp","href":"https:\/\/api.w.org\/{rel}","templated":true}]}}